n).
-5
Suppose 5*b + 0 + 45 = 0. Let y = b - -6. Let f(s) = s**2 - 2*s - 3. Give f(y).
12
Let z(l) be the third derivative of -1/6*l**4 + 0*l**5 + l**2 + 1/360*l**6 + 0 + 1/3*l**3 + 0*l. Let s(i) be the first derivative of z(i). Determine s(-3).
5
Let a(r) = r**3 + 6*r**2 + 4*r - 3. Let x(s) be the first derivative of -2*s**3/3 + 3*s**2/2 + 4*s - 4. Let j be x(3). Give a(j).
2
Let i(u) be the third derivative of -2*u**2 + 1/24*u**4 + 0*u + 0 + 1/2*u**3. Calculate i(5).
8
Let o(z) = -2*z - 3. Let y(c) = -c. Let l(d) = -o(d) - 3*y(d). Calculate l(-3).
-12
Let b(h) = 4*h**2 - 7*h**2 + 3*h**3 - 2*h**3 - 3*h. What is b(3)?
-9
Let r(k) be the second derivative of -k**4/24 - k**2/2 - 2*k. Let s(v) be the first derivative of r(v). Suppose -81 = b - 85. Determine s(b).
-4
Let w(p) = -5*p**3 - 13*p**2 - 7*p + 9. Let o(n) = -3*n**3 - 7*n**2 - 4*n + 5. Let i(a) = -7*o(a) + 4*w(a). What is i(2)?
-3
Let h(w) be the third derivative of w**4/8 + w**3 + 41*w**2. Calculate h(5).
21
Let a(k) = 20*k**3 + 23*k**2 + 2*k - 11. Let x(g) = 7*g**3 + 8*g**2 + g - 4. Let v(d) = -6*a(d) + 17*x(d). Give v(-4).
10
Let y(u) = -u**2 + 6*u - 5. Suppose -5*r + 4 = -26. Determine y(r).
-5
Let q(a) = a**2 + 2*a + 3. Suppose -2 = 5*w - 4*w. Determine q(w).
3
Let f(v) = 6 + 5*v - 12 + 2 + 0*v + v**2. Let b(o) = 8*o - 37. Let w(u) = 2*u - 9. Let k(g) = 2*b(g) - 9*w(g). Let n be k(6). Give f(n).
-4
Let k(y) = -6*y**2 - y**2 + 2*y**2 - 3 + 1 + y**3. What is k(5)?
-2
Let a(i) be the third derivative of -i**5/60 + i**4/6 + i**3/2 + 12*i**2. What is a(7)?
-18
Let m be (4 + -1 - 6)*-1. Let l(h) = -1 + 1 + m + 4*h. Determine l(-5).
-17
Let g(n) = -3*n + 1. Let t be 2/6 + (-8)/(-12). Suppose -1 - t = -2*f. Give g(f).
-2
Suppose -2*z + 0*v - 4 = -v, 20 = 3*z + 5*v. Suppose -1 = -y - z*y. Let i(n) = -n - y - 7 + 5. What is i(4)?
-7
Let r be 28/3 - 4/12. Suppose -n - 9 = -6*i + 3*i, -3*n - r = -3*i. Let s(q) = 5 - 2 + 0*q - q - 2*q. Calculate s(i).
-6
Let p(d) be the second derivative of -d**3/6 + 5*d**2 + d. Let w = -14 + 17. Let k = 3 - w. Calculate p(k).
10
Let z(g) = 392*g - 1 + 394*g - 789*g. Give z(4).
-13
Let n be (-90)/(-8) - 21/(-28). Let j(d) = 4*d + 6*d**2 + 1 + n*d**2 - 19*d**2. Calculate j(5).
-4
Let h(a) = a + 1. Let u(q) = -q - 5. Let z be u(-9). Let y = 4 + z. Let m be 9/(-6)*y/6. What is h(m)?
-1
Let k be 3/(-4) + 60/16. Let j(b) = -24*b + 1. Let h be j(-1). Suppose 0 = -k*v - 2*v - 5*i + h, -2*v + 4*i - 14 = 0. Let u(o) = o - 1. Determine u(v).
0
Suppose -2*p - 3 = -3*p. Let d(a) = -a**2 + 5*a - 1. Determine d(p).
5
Let r be (4 - 5)/(2/(-8)). Let z = -3 + r. Let p(g) = -1 + 2*g**3 - g + 3*g + g**3 - 2*g**2. Determine p(z).
2
Let x(b) = -b - 4. Let p = 50 + -44. Give x(p).
-10
Suppose o + 4*v + 19 = -0*o, -4*o + 5*v + 29 = 0. Let g(f) = 2*f + 1. Determine g(o).
3
Suppose -4*g = -0*g - 36. Suppose -3*f + 0*f - g = 0. Let m(y) = -y**3 - 3*y**2. Determine m(f).
0
Let s(o) = 4*o - 8. Let d(q) = 3*q - 5. Let r(t) = 7*d(t) - 5*s(t). Give r(-4).
1
Let f(s) = s**3 + 3*s**2 - 7*s - 5. Let n be f(-4). Let i(p) be the first derivative of p**3/3 - 4*p**2 + 4. Calculate i(n).
-7
Let t(c) be the third derivative of -c**5/60 - c**4/6 - c**3/2 - 2*c**2. Let z(l) be the third derivative of -l**4/12 + 2*l**3 + l**2. Let h be z(8). Give t(h).
-3
Suppose -5*t = -a - 6, 0 = 3*a - 4*t + 15 + 3. Let q(s) = -s + 1. What is q(a)?
7
Let o = -8 + 5. Let b(l) be the first derivative of -1/3*l**3 - 3/2*l**2 + 2 + 3*l. Determine b(o).
3
Let s(d) = -4*d + 5. Let r(w) = -3*w + 5. Let t(c) = -5*r(c) + 4*s(c). What is t(-5)?
0
Suppose -2*c = -3*h + 2*c - 10, -3*c = -3*h - 6. Let b(i) = -7 + 0*i + 6 - i**3 - h*i**2 + 2*i. Let r = 1 + 0. What is b(r)?
-2
Let d = -13 - -9. Let x(y) = -9*y - 4. Let c(o) = -3*o - 1. Let g(h) = h + 6. Let z be g(-9). Let w(a) = z*x(a) + 8*c(a). Calculate w(d).
-8
Suppose -4 = o - 2. Let d be (o + 3 + 1)/(-2). Let c(w) = -10*w - 1. Give c(d).
9
Let o(y) = -7*y + 6. Let g(s) be the third derivative of s**4/24 - s**3/6 + 2*s**2. Let c(j) = -30*g(j) - 5*o(j). Calculate c(-1).
-5
Suppose 5*p - 20 = 0, -3*t - 5 = -3*p - 2. Let r(i) = -2*i**3 + 3*i**2 + 3*i + 4. Determine r(t).
-14
Let y(t) = t**2 + 7*t + 1. Suppose -2*m + 0*m = g + 18, 0 = 3*g + 6. What is y(m)?
9
Let w(k) = -4*k**2 - k - 2. Let j(y) = -y**2. Let g(a) = 3*j(a) - w(a). Let f(m) = m**2 - 2*m - 35. Let n be f(7). Calculate g(n).
2
Let c(o) = -o**3 - o**2. Let t be c(0). Let k be 4/(-1)*(-1 + t). Let p(w) = -4*w + 6. Give p(k).
-10
Let g(v) = -v**2 - 6*v + 6. Let o be g(-6). Let s(q) = 8*q**2 + 17*q - 3. Let k(z) = -3*z**2 - 6*z + 1. Let m(d) = o*s(d) + 17*k(d). Determine m(-1).
-4
Let t(k) = k**3 - 2*k**2 + k - 2. Let s be t(2). Let d(h) = -h**3 - h**2 + h - 5. Determine d(s).
-5
Let g(r) = -r**2 + 5*r + 8. Let i be g(7). Let b(y) = -y**2 - 7*y - 9. What is b(i)?
-3
Let z be (-28)/(-5) + 21/(-35). Let n(h) = z*h - 4*h - 6 - 3*h + 5*h**2 + h**3 + 0*h. Give n(-5).
4
Let h(u) = -4*u. Let r(s) = 5*s. Let w(z) = 6*h(z) + 5*r(z). Suppose 3*b + 14 - 2 = 0. Give w(b).
-4
Let p(z) = z**2 - 4*z + 5. Let x(i) = -i + 5. Let t be x(5). Suppose 5*b = -2*c - 2, b + t*b = -4*c + 14. Determine p(c).
5
Let w(i) = -i + 3. Let v be w(2). Suppose 0 = -2*c + 7 + 1. Let j(l) = l + 6*l**2 + c*l**2 - l**2 - 1. Calculate j(v).
9
Let o(y) be the third derivative of y**5/60 - y**4/4 - y**2. Let x be 2/(-7) - 54/7. Let t be (10/x)/(1/(-4)). Calculate o(t).
-5
Let g be ((-1)/2)/((-4)/(-480)*6). Let r(k) = -k**3 - 10*k**2 + k + 10. What is r(g)?
0
Let u(t) = 4*t**3 + 5*t**2 - 7*t - 9. Let i = -1 - 0. Suppose -5*y + 15 + 10 = 0. Let l(h) = h**3 - h - 1. Let s(n) = i*u(n) + y*l(n). Determine s(3).
-8
Let t(q) = -q**3 + 3*q**2 + 7*q - 8. Let a be t(4). Let j(d) = d**2 - 2*d + 4. What is j(a)?
12
Let b(s) = s**3 - 4*s**2 - 5*s. Let x be b(5). Let o(i) = i**3 + i**2 + i - 11. Give o(x).
-11
Let d(o) = 7 - 4*o**2 - 2 + 3*o**2 + 2*o**2 + 8*o. What is d(-5)?
-10
Let l(u) = -u**2 - 6*u + 9. Let c be l(-7). Suppose c*g + g = 15. Let q be (g - 2)*(-2)/6. Let y(v) = 5*v**2 - 2*v - 1. Calculate y(q).
6
Let x(w) = 12*w**2 - w. Let k = 2 + 0. Suppose -3*i + a = -4, a + 0 = -3*i + k. Give x(i).
11
Let u(h) = 8*h + 43. Let k(a) = -2*a - 11. Let l(p) = 9*k(p) + 2*u(p). Determine l(-10).
7
Suppose -3*g - 3 = -4*m, -3*m + 5*m - 1 = g. Let t(y) = -1 + 0 + 5*y + 2*y. What is t(g)?
-8
Let g(b) = b**3 + 4*b**2 - 3*b + 6. Let j be 3/(-6) + 22/(-4). Let z = j + 11. Suppose -z*o - 21 = 4*m + 9, -2*o - 29 = 5*m. Determine g(m).
-4
Let t = 55 - 5. Let p = t - 35. Suppose -2*j = -a + 7, p = -6*a + 3*a - 3*j. Let f(n) = -6*n + 1. Determine f(a).
7
Suppose 2*d + 7 = 1. Let c be 3/((-6)/34) + 2. Let b be (5/c)/(1/d). Let v(h) = 3*h**2 + h. Give v(b).
4
Let v = -11 - -15. Let y(h) = 0*h + 9 - h - 2 - 1. Determine y(v).
2
Let b(r) be the second derivative of r**8/6720 - r**7/2520 - r**6/360 + r**5/60 - r**4/4 - 3*r. Let o(w) be the third derivative of b(w). Calculate o(2).
2
Let m(p) be the third derivative of -p**6/120 + p**5/15 + p**4/4 - 5*p**3/6 - 10*p**2. Give m(5).
0
Let p(r) = -5*r - 5*r + 12*r. Let t = -5 - -3. Calculate p(t).
-4
Let b(p) = -2 - 2*p**3 - 5*p + p**3 + 0*p**3 - 5*p**2. Calculate b(-4).
2
Let b(x) = 18*x - 13. Let a(y) = -9*y + 7. Let i(n) = -11*a(n) - 6*b(n). Let t(k) = 4*k - 1. Let l(g) = -2*i(g) - 5*t(g). Give l(-5).
13
Let s = 1 - 2. Suppose -3*z + 16 = 2*n + z, 0 = -n - z + 3. Let c be -2 - (n*1 + s). Let l(t) = t**3 + 2*t**2 - 1. Determine l(c).
2
Let j(g) be the third derivative of g**5/60 - g**4/6 - 2*g**3/3 + 9*g**2 - 1. Give j(4).
-4
Let o be ((-13)/(-3))/((-2)/(-6)). Let b = 18 - o. Suppose -4*w + 16 = 4*q, -b*w = -3*q - 0 - 4. Let d(n) = n**3 - n**2 - 1. Give d(w).
3
Let u(o) be the third derivative of -o**5/60 - o**4/6 + 7*o**3/6 + 6*o**2. Give u(-6).
-5
Let v(n) = -n**2 + 3*n - 1. Let k be (-2)/5 - 8/(-20). Suppose k*p = p - 1. Give v(p).
1
Suppose 5 = 4*a + 37. Let v be (a/10)/((-3)/15). Let f(n) = 2 - v + 4*n**2 - n - 3*n**2. Give f(0).
-2
Suppose -3*m - m = -44. Let w(g) = 0 - 3*g**2 + 1 - m*g + 7*g. Determine w(-3).
-14
Let i(r) = 7*r**3 - 2*r**2 - 6*r**3 + r**2 + 3 - 4*r. What is i(2)?
-1
Let k(c) = -c. Suppose -4*v + 6*v = -12. Determine k(v).
6
Let y be 9*(2 + 8/(-3)). Let h(s) = 13*s**3 - 25*s**2 - 4*s + 16. Let j(i) = 7*i**3 - 13*i**2 - 2*i